Let t be ((-14)/(-6))/(-3 - 13296/(-4320)). Let v(r) = -r**3 + 33*r**2 - 88*r - 56. What is v(t)?
4
Let z(j) = -823 + 3*j + 385 - 2*j**2 + j**3 + 437. Calculate z(2).
5
Let u(k) = 2*k**3 + 44*k**2 + 6*k + 115. Let t be u(-22). Let q(h) = 2*h**2 + 25*h - 7. What is q(t)?
146
Let t(o) = -660 - 10*o + 325 - 11*o + 20*o + 319. Give t(-21).
5
Let f = 25 + -115. Let b = f + 79. Let r(j) = -j**3 - 10*j**2 + 11*j - 6. What is r(b)?
-6
Let o(f) = 201*f + 1399. Let c be o(-7). Let u(b) = -5*b - 20. Give u(c).
20
Let d(b) be the third derivative of -5*b**4/12 - 29*b**3/2 + b**2 - 52*b + 2. Give d(-9).
3
Let n = -37 + 37. Let q(f) = 2*f - 39 - 4*f + 42 + 5*f - 3*f**2 + 4*f**2. What is q(n)?
3
Suppose 0 = -5*v - f + 21, 7*f = -3*v + 2*f - 5. Let b(m) be the first derivative of m**2/2 - 2*m + 2. Calculate b(v).
3
Suppose -131 = 3*i + 19. Let d = -46 - i. Let f(p) = -25 - 4*p**2 + p**3 + 11 - d*p + 16. Determine f(5).
7
Let r(x) = -12 + x**3 + 5 - 1 - 12*x**2 - 4 + 11*x. Let z be (44/10)/((-4)/(-10)). Give r(z).
-12
Let z(q) = -q**2 + 6*q + 7. Suppose 0 = -9*t + 14*t + 20. Let a be t/2 + 6 + 3. Calculate z(a).
0
Let k(c) = c - 9. Let u(l) = 2*l - 25. Let i(d) = -5*k(d) + u(d). Give i(7).
-1
Let p(g) be the first derivative of -23*g**2/2 - 7*g + 415. What is p(-3)?
62
Suppose 4*z - x + 2*x + 21 = 0, z - 11 = 3*x. Let r = -9 - -11. Let d(c) = 1 - c**r + 3 + 0 - c - 2. Give d(z).
-10
Let n(p) be the first derivative of p**4/4 + 2*p**3/3 - 2*p**2 - p + 4552. Determine n(-5).
-56
Let w = 24606 - 24601. Let v(m) be the second derivative of -3/10*m**w - 22*m + 0*m**2 + 0*m**4 + 0 + 1/6*m**3. Calculate v(1).
-5
Let d(a) be the second derivative of a**3/6 + 7*a**2/2 + 1626*a. What is d(3)?
10
Let b(n) = 3*n + 11. Let m(p) = -p**2 - 147*p - 1113. Let q be m(-8). Determine b(q).
8
Let s(p) = -p - 362. Let c(l) = l + 724. Let m(b) = -c(b) - 2*s(b). Let w = -4 + -2. Determine m(w).
-6
Suppose 0 = -13*j + 16*j - 15, 3*j = -3*b + 33. Let d be 2 + 1*2/2. Let h(l) = 1 + 7*l - d*l - l. Calculate h(b).
19
Let l(k) be the first derivative of k**3/3 + 10*k + 1364. Determine l(0).
10
Let y(k) = k**3 - 21*k**2 + 37*k + 19. Let x be y(19). Suppose x*n = -4*n + 8. Let f(g) = 7 - 1 - n - 7 + 8*g - g**2. Give f(6).
9
Let i(t) = -t - 16. Let a = -7382 - -7371. Determine i(a).
-5
Let p(f) = -26*f**2 + 89*f - 5. Let u(b) = -8*b**2 + 29*b - 2. Let k(h) = 2*p(h) - 7*u(h). Calculate k(6).
-2
Let c(w) = w**2 - 8*w - 17. Let d be c(11). Let l(b) = 0*b**2 + 2*b + 28 - b**2 - 6 - d. Give l(-3).
-9
Let o(c) = c**2 - c - 2. Let f be o(3). Let l(b) be the third derivative of b**6/120 - b**5/15 - b**4/24 - 2*b**3/3 + 1235*b**2. Determine l(f).
-8
Let i be ((-231)/44)/(6/(-8)). Let w(x) be the second derivative of x**4/12 - 4*x**3/3 - x**2/2 + 176*x. Calculate w(i).
-8
Let t = 3321 - 3311. Let q(u) = 2*u - 14. Determine q(t).
6
Suppose 43*d = 18*d - 19*d - 88. Let i(f) = -6*f - 2. Give i(d).
10
Let l(d) = -d**2 - 5*d - 5. Suppose 55*t = 47*t - 8. Let h be ((-2 - 4) + 3)/t - 8. Calculate l(h).
-5
Let i(b) = 3*b - 25. Let k = 324 - 325. Let a(q) = -q + 6. Let x(p) = k*i(p) - 4*a(p). Give x(-8).
-7
Suppose -2*k - 8 = -k + h, 2*k + 14 = -h. Let f(n) be the second derivative of -n**3/2 - 7*n**2 + 1046*n - 4. Give f(k).
4
Let r(q) = 3*q + 4 - 4*q + 0*q - 3. Suppose -p = 5*p - 30. Suppose p*l = -0*l + 5. Calculate r(l).
0
Suppose 4*o = -g + 3*o + 3916, -4*g + 15674 = -o. Suppose 4*b - 3*s = 3910, 0*b - 4*b = s - g. Let q(l) = -7 - b*l + l**2 + 979*l. What is q(0)?
-7
Suppose -9*t + 4*t + 168 = 3*t. Let d(i) = -i**3 + 19*i**2 + 41*i + 13. Determine d(t).
-8
Let h be (-5 - 34/(-4))/((-22)/4 + 5). Let g(v) = -v**2 - 2. What is g(h)?
-51
Let b(x) = x. Let u(d) = 2*d - 12. Let y(l) = -3*b(l) + u(l). What is y(9)?
-21
Let b(q) be the third derivative of q**4/8 + 22*q**3/3 + q**2 + 290. Calculate b(-21).
-19
Let g(q) = q**3 + 8*q**2 + 6*q + 5. Let f be g(-7). Let z be 14/f*(-96)/(-16). Let u(x) = 2 - x**2 - z - 1. Determine u(0).
-6
Let t be 3/4 + ((-732)/(-48))/1. Let b be 15/20 - (-20)/t. Let a(r) = -12*r + 2. Determine a(b).
-22
Let u(z) = -3*z**2 - 29*z - 13. Let n(s) = -8*s**2 - 85*s - 43. Let l(y) = -4*n(y) + 11*u(y). Give l(21).
29
Let k(g) = -21*g - 3. Let t be (270/(-324))/(10/(-24)). Give k(t).
-45
Let z(o) be the second derivative of -5*o**3/2 - 125*o**2/2 + 345*o - 15. Determine z(-9).
10
Suppose 7*u - 3*u = -3*m + 51, 2*u - 85 = -5*m. Suppose -m*l - 87 = -19. Let f(b) = b**3 + 4*b**2 - 2*b - 4. Determine f(l).
4
Suppose 28 = -2*o - 3*h, -1 = -3*o + 5*h + 33. Let g(d) = -9*d**2 + 5*d + 4. What is g(o)?
-42
Suppose -4*x + 3224 - 3212 = 0. Let h(g) = 21*g - 1. What is h(x)?
62
Let b(i) = 274*i**2 + 331 - 80*i**2 - 121*i**2 - 75*i**2 + 76*i. Determine b(42).
-5
Let b(r) = 8*r + 6*r**2 + 212694*r**3 - 11 + 2 - 212695*r**3. Let m = 17 + -13. Suppose -2*l + m*l - 5*i = 39, -3*i = 5*l - 20. What is b(l)?
-2
Let o(p) be the second derivative of 0*p**2 + 0 + 19/12*p**4 - 33*p + 1/6*p**3. Calculate o(-1).
18
Let l(d) = -d**2 + 6*d - 4. Let k(b) = 2*b**3 - 3*b + 8. Let r be k(4). Let c = r - 118. Suppose -c*m = -10 - 26. Determine l(m).
-4
Let n(x) = -2 - 2*x**3 - 2*x**2 + 16*x - 7*x + x**3 - 6*x + x. What is n(3)?
-35
Let q = -22303 - -22305. Let u(l) = 14*l**2 + 5*l - 14. Calculate u(q).
52
Let p(q) = q**3 + q**2 - 6*q - 1. Let k = 5965 + -5962. Determine p(k).
17
Let c(p) = -16*p + 14. Suppose 0 = 4*q - 16, 3*n + 4*q - 33 - 1 = 0. Give c(n).
-82
Let a = 262/35 + -1327/210. Let o(b) be the third derivative of 0*b - a*b**3 - 1/60*b**5 + 20*b**2 + 1/3*b**4 + 0. Calculate o(7).
0
Let u(c) = 8*c**2 - 46 - 23*c**2 - 22*c + 14*c**2. What is u(-20)?
-6
Let l(t) = 87*t + 1. Let z(k) = 346*k + 11. Let m(a) = -12*l(a) + 3*z(a). Determine m(-6).
57
Let w be (-2)/6 - 7/(-3). Suppose -4*l + 2*y + 150 = -3*y, -2*y = -5*l + 179. Let j(n) = -5 - 28*n + l*n + 3. What is j(w)?
12
Let f(u) be the first derivative of -u**4/4 + u**3/3 - u**2/2 + 2*u + 1670. Suppose -2*j + 0*j = 10. Let b be (-4)/j*(-20)/(-8). Calculate f(b).
-4
Let x(y) = 2*y + 9. Suppose 0 = -18*q + 22*q + 12. Let i be x(q). Let l(j) = -j**3 - j + 0*j - 3*j**i. Determine l(-1).
5
Let q(w) = 4*w**2 - w + 2. Let b = -33 + 34. Let a be q(b). Suppose 4*n = a*n + 2. Let f(g) = 2*g**3 + 2*g**2 + 2*g + 1. Determine f(n).
-11
Let b(y) = -y**2 - 4*y - 3. Suppose -3*v - 2*v = 3*k + 1699, 0 = k + 4*v + 571. Let p = k - -561. Give b(p).
1
Let s(d) = -2*d**2 + 8*d - 6. Let a(c) = -c**2 + 4*c - 3. Let z be (27/12)/9*76. Suppose -3*u + 37 = z. Let o(b) = u*s(b) - 13*a(b). Determine o(2).
-1
Suppose 0 = -5*a - 15, 15 = -3*s - 2*a + 84. Let d(q) = -2*q + 41. Let u be d(s). Let j(g) = g**3 + 10*g**2 + 8*g. What is j(u)?
9
Let w(d) = -16*d + 51*d + 1 + d**3 - 37*d + 2*d**2. Let b be 8 + 12/(-2) - 8/2. Calculate w(b).
5
Let u be 24/9*(-3)/(-2). Let p(r) = r + u + r**2 + 2*r + 4 - 2*r. Suppose 0 = -97*i + 92*i. What is p(i)?
8
Let y(f) be the third derivative of f**4/24 + 2*f**3/3 + f**2 - 37*f. Suppose 3*n + 28 = 4*a, -2*a - 3 + 17 = 3*n. Give y(a).
11
Let y(a) = a**3 - 8*a**2 - 6*a - 34. Let z be 97 + -109 - (-21 + 0). Determine y(z).
-7
Let i(k) = -22368214 + 22368210 + k**3 + 0*k**2 + 6*k**2 - 5*k. Suppose -2*v + 3*v + 7 = 0. Give i(v).
-18
Let c(a) be the third derivative of 0 + 1/6*a**3 + 5/12*a**4 - 2*a - 11*a**2 - 1/60*a**5. Determine c(9).
10
Let p(y) = -y**2 - 18*y + 18. Suppose -74*g - 1053 + 336 = 615. Give p(g).
18
Let q be 6/(-5)*5/(-2). Let r(i) = -5 - 3*i - q*i**2 + 8*i - 14*i + 2*i**2. Suppose p + 7 = -2. Calculate r(p).
-5
Let f(v) = -83*v + 1672. Let m be f(20). Let a(z) = z**3 - 11*z**2 - 8*z - 22. Calculate a(m).
26
Let n(z) = -z**3 + 17*z**2 + 2*z - 32. Let w be n(17). Suppose -w*r + 8 + 2 = 0. Let d(l) = -l**2 + 2*l + 3. Give d(r).
-12
Let g(o) be the third derivative of o**5/60 - 11*o**4/24 + 11*o**3/6 + 309*o**2. What is g(10)?
1
Suppose 100*s - l + 18 = 97*s, -4*s = 2*l + 44. Let g(y) = -y**2 + 7*y + 16. What is g(s)?
-104
Let i(v) = -27*v - 49*v**2 - 55*v**2 - 24 + 31*v + 105*v**2. Give i(-10).
36
Suppose 0*p - 2*p + 4 = 0. Suppose -5*b + 4*i = -10 - 10, -p*i = 10. Let y(o) = 92 - 44 - 52 + o. Determine y(b).
-4
Let a(d) = -8*d - 23. Let u(s) = 32*s - 231. Let n be u(7). Let b(f) = -3*f - 14. Let w(m) = n*b(m) + 4*a(m). Determine w(4).
-38
Let j(q) = 6